test common divisor of 7733 and 87571?
209
What is the greatest common divisor of 37952 and 960?
64
Calculate the highest common factor of 341146 and 208.
26
What is the highest common divisor of 1107 and 6129?
27
What is the greatest common divisor of 68 and 31348?
68
What is the highest common factor of 113 and 1121977?
113
Calculate the greatest common factor of 168 and 519981.
21
Calculate the greatest common factor of 8701 and 99.
11
Calculate the highest common factor of 408 and 2852634.
102
What is the greatest common factor of 1185166 and 430?
86
Calculate the greatest common factor of 10263 and 14025.
33
What is the highest common factor of 6740380 and 460?
460
Calculate the greatest common divisor of 112 and 3885.
7
Calculate the highest common divisor of 5845 and 35.
35
Calculate the greatest common factor of 2590 and 1987048.
518
Calculate the greatest common divisor of 43560 and 11520.
360
Calculate the highest common divisor of 5220 and 10935.
45
What is the greatest common divisor of 6620 and 460?
20
Calculate the highest common divisor of 152 and 102562.
38
What is the greatest common divisor of 1197443 and 39?
13
What is the highest common factor of 77 and 344267?
77
What is the greatest common factor of 24 and 11166?
6
What is the highest common divisor of 16 and 379888?
16
Calculate the highest common divisor of 368 and 34960.
368
What is the highest common divisor of 33539 and 55?
11
What is the greatest common divisor of 886 and 918?
2
Calculate the highest common divisor of 171 and 46417.
19
What is the highest common divisor of 368354 and 317?
317
What is the highest common divisor of 49 and 1021993?
49
Calculate the highest common factor of 63495 and 6.
3
What is the highest common factor of 18 and 58173?
3
What is the highest common divisor of 13 and 1885819?
13
Calculate the greatest common divisor of 183080 and 10.
10
What is the highest common factor of 24962 and 56?
14
Calculate the greatest common factor of 1503 and 2070132.
501
Calculate the highest common factor of 656 and 24313.
41
What is the greatest common factor of 3440 and 13115?
215
Calculate the highest common divisor of 16 and 15952.
16
What is the greatest common divisor of 32960 and 30?
10
What is the greatest common factor of 32 and 299168?
32
What is the highest common factor of 112 and 182?
14
Calculate the highest common divisor of 427599 and 81.
81
Calculate the highest common factor of 363896 and 104.
104
What is the highest common factor of 312124 and 4?
4
Calculate the highest common divisor of 3 and 3733503.
3
What is the greatest common divisor of 593456 and 464?
464
Calculate the greatest common divisor of 594 and 45441.
297
Calculate the greatest common divisor of 3 and 47070.
3
Calculate the highest common divisor of 3324 and 1151212.
1108
What is the highest common factor of 1679 and 219?
73
What is the greatest common factor of 32591 and 23?
23
Calculate the greatest common divisor of 3885 and 303135.
105
Calculate the greatest common divisor of 16 and 12056.
8
Calculate the highest common divisor of 618 and 2923243.
103
What is the greatest common divisor of 175 and 1211?
7
What is the highest common divisor of 65468 and 52?
52
What is the highest common divisor of 174 and 91582?
58
Calculate the highest common divisor of 174 and 471801.
87
What is the greatest common divisor of 203 and 3325?
7
Calculate the highest common factor of 1485802 and 131.
131
Calculate the highest common divisor of 19940 and 130.
10
Calculate the greatest common factor of 14 and 40439.
7
Calculate the highest common divisor of 2581 and 9744.
29
What is the highest common factor of 1708 and 4392?
244
Calculate the highest common divisor of 1857336 and 312.
312
Calculate the greatest common divisor of 230 and 66746.
46
Calculate the greatest common factor of 1324 and 204227.
331
Calculate the highest common divisor of 99 and 14487.
33
Calculate the highest common divisor of 6808 and 1472.
184
Calculate the greatest common factor of 969 and 106989.
57
Calculate the greatest common factor of 125364 and 744.
372
What is the greatest common divisor of 147855 and 105?
15
Calculate the greatest common factor of 21 and 408849.
21
What is the greatest common divisor of 10880 and 1785?
85
Calculate the highest common divisor of 46 and 11758.
2
Calculate the highest common factor of 201149 and 13.
13
Calculate the highest common factor of 15843 and 63.
3
Calculate the greatest common factor of 73716 and 732.
12
Calculate the highest common factor of 4920 and 35160.
120
What is the highest common factor of 61290 and 3690?
90
What is the highest common factor of 494 and 135603?
247
What is the greatest common factor of 2562 and 17507?
427
What is the greatest common divisor of 1 and 38593?
1
What is the highest common divisor of 56746 and 51?
17
What is the highest common divisor of 11844 and 504?
252
What is the greatest common divisor of 1100 and 49060?
220
What is the highest common factor of 180 and 18048?
12
Calculate the greatest common divisor of 105 and 110523.
21
Calculate the greatest common factor of 19602 and 18.
18
Calculate the highest common divisor of 321 and 633.
3
What is the greatest common divisor of 298585 and 665?
665
What is the highest common factor of 92 and 1759339?
23
Calculate the greatest common divisor of 296298 and 13578.
186
Calculate the highest common factor of 3249 and 216961.
361
Calculate the highest common factor of 150444 and 7308.
252
What is the greatest common factor of 123732 and 82979?
491
Calculate the greatest common divisor of 336 and 137704.
56
What is the greatest common factor of 496050 and 150?
150
Calculate the greatest common factor of 332 and 10458.
166
What is the highest common divisor of 5566 and 1?
1
What is the highest common divisor of 29550 and 100?
50
What is the greatest common divisor of 896766 and 6?
6
What is the greatest common factor of 350 and 86400?
50
Calculate the highest common factor of 2035 and 15355.
185
Calculate the greatest common factor of 57 and 5898.
3
Calculate the highest common divisor of 61992 and 324.
108
Calculate the greatest common factor of 1294330 and 1065.
355
What is the greatest common factor of 156 and 15964?
52
Calculate the highest common factor of 21 and 229950.
21
Calculate the highest common factor of 3252 and 1766920.
1084
What is the greatest common divisor of 19171 and 171?
19
Calculate the greatest common factor of 685210 and 80.
10
Calculate the highest common factor of 41454 and 18.
18
Calculate the greatest common factor of 10 and 85135.
5
What is the greatest common factor of 1102 and 61538?
58
Calculate the highest common divisor of 89198 and 19982.
206
Calculate the highest common factor of 384950 and 150.
50
What is the highest common divisor of 369610 and 4945?
115
Calculate the highest common divisor of 2150099 and 181.
181
What is the highest common divisor of 1671687 and 6408?
801
What is the greatest common divisor of 1135 and 31326?
227
Calculate the highest common divisor of 243 and 10521.
9
Calculate the greatest common factor of 492850 and 50.
50
Calculate the greatest common divisor of 15 and 182199.
3
What is the highest common divisor of 1900 and 1422150?
950
What is the highest common divisor of 25 and 7907?
1
Calculate the greatest common factor of 1365 and 210.
105
Calculate the greatest common factor of 54675 and 300.
75
What is the highest common factor of 19647 and 354?
177
What is the highest common divisor of 36859 and 28768?
899
Calculate the greatest common divisor of 75 and 49755.
15
What is the greatest common divisor of 14271 and 2613?
201
Calculate the highest common factor of 291 and 38606.
97
What is the greatest common factor of 14883 and 1060752?
1353
Calculate the highest common divisor of 65618 and 315882.
1526
What is the greatest common divisor of 64 and 282?
2
Calculate the greatest common divisor of 74 and 3382.
2
Calculate the greatest common divisor of 43212 and 312.
156
Calculate the greatest common divisor of 78694 and 98098.
1078
Calculate the greatest common divisor of 4949 and 196.
49
What is the greatest common divisor of 18868 and 8188?
356
What is the highest common factor of 270 and 26?
2
What is the greatest c